{"id":30,"date":"2025-02-21T14:01:24","date_gmt":"2025-02-21T13:01:24","guid":{"rendered":"https:\/\/s-e-g.ca\/?page_id=30"},"modified":"2025-05-20T16:58:44","modified_gmt":"2025-05-20T14:58:44","slug":"ressources-intermediaires","status":"publish","type":"page","link":"https:\/\/s-e-g.ca\/fr\/ressources-intermediaires\/","title":{"rendered":"Ressources interm\u00e9diaires"},"content":{"rendered":"\n<div class=\"wp-block-ab-animate bs-Z1BPL4F\">\n<div class=\"container-fluid d-xl-flex flex-xl-row flex-xl-nowrap justify-content-xl-end bs-L0p1q\">\n<div class=\"tab-crc bs-sFvnx\" id=\"bs-tabs-25GvXJ\"><ul class=\"tab-crc nav nav-tabs\" role=\"tablist\"><li class=\"nav-item\" role=\"presentation\"><a href=\"#\" id=\"bs-tabs-25GvXJ-0-tab\" data-bs-target=\"#bs-tabs-25GvXJ-0-pane\" aria-controls=\"bs-tabs-25GvXJ-0-pane\" aria-selected=\" true\" data-bs-toggle=\"tab\" type=\"button\" role=\"tab\" class=\"nav-link active\">Mission<\/a><\/li><li class=\"nav-item\" role=\"presentation\"><a href=\"#\" id=\"bs-tabs-25GvXJ-1-tab\" data-bs-target=\"#bs-tabs-25GvXJ-1-pane\" aria-controls=\"bs-tabs-25GvXJ-1-pane\" aria-selected=\"false\" data-bs-toggle=\"tab\" type=\"button\" role=\"tab\" class=\"nav-link\">Philosophie<\/a><\/li><\/ul><div class=\"tab-content\">\n<div class=\"tab-pane fade show active\" id=\"bs-tabs-25GvXJ-0-pane\" role=\"tabpanel\" aria-labelledby=\"bs-tabs-25GvXJ-0-tab\">\n<div class=\"container bs-Z2rnWtR\">\n<h2 class=\"wp-block-heading causten-42-bold has-text-color has-link-color bs-Z1aFCtM wp-elements-269e607071d235c50ada02886f8eaf77\" style=\"color:#ed6f50\">Notre <br>mission<\/h2>\n\n\n\n<p class=\"has-text-color has-link-color wp-elements-8efc31bc27d31bb91d7acc068b1fa5ef wp-block-paragraph\" style=\"color:#0d576a\">La Soci\u00e9t\u00e9 Emmanuel-Gr\u00e9goire ouvre au printemps 2011 la \u00ab R\u00e9sidence Les Pl\u00e9iades \u00bb, sa premi\u00e8re Ressource interm\u00e9diaire. Ce mode d\u2019h\u00e9bergement, offert en partenariat avec les \u00e9tablissements du r\u00e9seau de la sant\u00e9, permet d\u2019offrir \u00e0 une client\u00e8le vuln\u00e9rable des services de soutien et d\u2019assistance dans un environnement adapt\u00e9, et ce, sans \u00e9gard \u00e0 la capacit\u00e9 financi\u00e8re de la personne h\u00e9berg\u00e9e. Ce type de milieu d\u2019h\u00e9bergement inspir\u00e9 d\u2019un mode de fonctionnement de type \u00ab milieu de vie \u00bb est en concordance avec la mission que s\u2019est donn\u00e9 notre organisme.<\/p>\n<\/div>\n<\/div>\n\n\n\n<div class=\"tab-pane fade\" id=\"bs-tabs-25GvXJ-1-pane\" role=\"tabpanel\" aria-labelledby=\"bs-tabs-25GvXJ-1-tab\">\n<div class=\"container bs-Z1TNAWr\">\n<h2 class=\"wp-block-heading causten-42-bold has-text-color has-link-color bs-1ChAqP wp-elements-8823e082cd7211a8c72ffc1f24d608c5\" style=\"color:#ed6f50\">L\u2019approche<br>\u00ab milieu de vie \u00bb<\/h2>\n\n\n\n<p class=\"has-text-color has-link-color wp-elements-358eaa9654c2fc48208a9e484bcb5713 wp-block-paragraph\" style=\"color:#0d576a\">Nos Ressources interm\u00e9diaires offrent des milieux de vie adapt\u00e9s aux besoins des personnes qui y sont h\u00e9berg\u00e9es. Bas\u00e9 sur une philosophie d\u2019approche de type \u00ab milieu de vie \u00bb, nos interventions et installations sont structur\u00e9es de fa\u00e7on \u00e0 offrir \u00e0 nos r\u00e9sidents un environnement de vie o\u00f9 ils se sentent \u00ab chez eux \u00bb, tout en leur permettant de recevoir les services de soutien et d&rsquo;assistance dont ils ont besoin. Travaillant en partenariat avec le r\u00e9seau de la sant\u00e9 et des services sociaux, notre \u00e9quipe d\u2019intervenants qualifi\u00e9s offre une r\u00e9ponse personnalis\u00e9e aux besoins de notre client\u00e8le.<\/p>\n<\/div>\n<\/div>\n<\/div><\/div>\n\n\n\n<figure class=\"wp-block-image size-full image-crc-right d-none d-xl-block\"><img loading=\"lazy\" decoding=\"async\" width=\"486\" height=\"324\" src=\"https:\/\/s-e-g.ca\/wp-content\/uploads\/2025\/03\/shutterstock_2071674833-modif.png\" alt=\"\" class=\"wp-image-740\" srcset=\"https:\/\/s-e-g.ca\/wp-content\/uploads\/2025\/03\/shutterstock_2071674833-modif.png 486w, https:\/\/s-e-g.ca\/wp-content\/uploads\/2025\/03\/shutterstock_2071674833-modif-300x200.png 300w, https:\/\/s-e-g.ca\/wp-content\/uploads\/2025\/03\/shutterstock_2071674833-modif-24x16.png 24w, https:\/\/s-e-g.ca\/wp-content\/uploads\/2025\/03\/shutterstock_2071674833-modif-36x24.png 36w, https:\/\/s-e-g.ca\/wp-content\/uploads\/2025\/03\/shutterstock_2071674833-modif-48x32.png 48w\" sizes=\"auto, (max-width: 486px) 100vw, 486px\" \/><\/figure>\n<\/div>\n<\/div>\n\n\n\n<div class=\"wp-block-ab-animate\" data-scroll-class=\"fadeInUp\">\n<div class=\"wp-block-group has-background bs-Z1p00AN overflow-hidden\" style=\"background-color:#ede8e4\"><div class=\"wp-block-group__inner-container is-layout-constrained wp-block-group-is-layout-constrained\">\n<div class=\"container bs-2kWthe\">\n<div class=\"wp-block-group has-white-background-color has-background bs-QeA3z\"><div class=\"wp-block-group__inner-container is-layout-constrained wp-block-group-is-layout-constrained\">\n<h2 class=\"wp-block-heading bs-Z13PHsf\">D\u00e9couvrez <br><span>nos milieux de vie<\/span><\/h2>\n\n\n\n<p class=\"has-text-color has-link-color bs-ZBKY8H wp-elements-44591adf693bbf0462fc589937c0de00 wp-block-paragraph\" style=\"color:#0d576a\">Les \u00e9quipes de&nbsp;nos Ressources interm\u00e9diaires ont \u00e0&nbsp;c\u0153ur&nbsp;le&nbsp;bien-\u00eatre de&nbsp;chaque r\u00e9sident. Nous travaillons \u00e0&nbsp;offrir des&nbsp;milieux vie chaleureux et&nbsp;respectueux du&nbsp;rythme&nbsp;et&nbsp;des&nbsp;d\u00e9fis de chacun. <\/p>\n\n\n\n<div class=\"wp-block-buttons is-layout-flex wp-block-buttons-is-layout-flex\">\n<div class=\"wp-block-button button-seg button-before\"><a class=\"wp-block-button__link wp-element-button\" href=\"https:\/\/s-e-g.ca\/milieux-de-vie-ri\/\">En savoir plus<\/a><\/div>\n<\/div>\n<\/div><\/div>\n\n\n\t\t\t\t\t\t\t\t\t<div class=\"milieux-de-vie slick-milieu-de-vie green-linear-gradient\">\n\t\t\t\t\t\t\t\t\t\t\t\t\t\t\t\t\t\t\t\t<div class=\"milieu-de-vie--item \">\n\t\t\t\t\t\t\t\t<a href=\"https:\/\/s-e-g.ca\/milieux-de-vie-ri\/\/#rlp\">\n\t\t\t\t\t\t\t\t\t<figure>\n\t\t\t\t\t\t\t\t\t\t<img loading=\"lazy\" decoding=\"async\" width=\"630\" height=\"420\" src=\"https:\/\/s-e-g.ca\/wp-content\/uploads\/2025\/03\/Residence-Les-pleaides.jpg\" class=\"attachment-full size-full\" alt=\"\" srcset=\"https:\/\/s-e-g.ca\/wp-content\/uploads\/2025\/03\/Residence-Les-pleaides.jpg 630w, https:\/\/s-e-g.ca\/wp-content\/uploads\/2025\/03\/Residence-Les-pleaides-300x200.jpg 300w, https:\/\/s-e-g.ca\/wp-content\/uploads\/2025\/03\/Residence-Les-pleaides-24x16.jpg 24w, https:\/\/s-e-g.ca\/wp-content\/uploads\/2025\/03\/Residence-Les-pleaides-36x24.jpg 36w, https:\/\/s-e-g.ca\/wp-content\/uploads\/2025\/03\/Residence-Les-pleaides-48x32.jpg 48w\" sizes=\"auto, (max-width: 630px) 100vw, 630px\" \/>\t\t\t\t\t\t\t\t\t<\/figure>\n\t\t\t\t\t\t\t\t\t<div class=\"milieu-de-vie--item--content\">\n\t\t\t\t\t\t\t\t\t\t\t\t\t\t\t\t\t\t\t\t<p>R\u00e9sidence <br>Les Pl\u00e9iades<\/p>\n\t\t\t\t\t\t\t\t\t<\/div>\n\t\t\t\t\t\t\t\t<\/a>\n\t\t\t\t\t\t\t<\/div>\n\t\t\t\t\t\t\t\t\t\t\t\t\t\t\t\t\t\t\t\t<div class=\"milieu-de-vie--item \">\n\t\t\t\t\t\t\t\t<a href=\"https:\/\/s-e-g.ca\/milieux-de-vie-ri\/\/#rlc\">\n\t\t\t\t\t\t\t\t\t<figure>\n\t\t\t\t\t\t\t\t\t\t<img loading=\"lazy\" decoding=\"async\" width=\"640\" height=\"391\" src=\"https:\/\/s-e-g.ca\/wp-content\/uploads\/2025\/05\/img-tempo-cometes.png\" class=\"attachment-full size-full\" alt=\"\" srcset=\"https:\/\/s-e-g.ca\/wp-content\/uploads\/2025\/05\/img-tempo-cometes.png 640w, https:\/\/s-e-g.ca\/wp-content\/uploads\/2025\/05\/img-tempo-cometes-300x183.png 300w, https:\/\/s-e-g.ca\/wp-content\/uploads\/2025\/05\/img-tempo-cometes-18x12.png 18w, https:\/\/s-e-g.ca\/wp-content\/uploads\/2025\/05\/img-tempo-cometes-24x15.png 24w, https:\/\/s-e-g.ca\/wp-content\/uploads\/2025\/05\/img-tempo-cometes-36x22.png 36w, https:\/\/s-e-g.ca\/wp-content\/uploads\/2025\/05\/img-tempo-cometes-48x29.png 48w\" sizes=\"auto, (max-width: 640px) 100vw, 640px\" \/>\t\t\t\t\t\t\t\t\t<\/figure>\n\t\t\t\t\t\t\t\t\t<div class=\"milieu-de-vie--item--content\">\n\t\t\t\t\t\t\t\t\t\t\t\t\t\t\t\t\t\t\t\t<p>R\u00e9sidence  <br>Les Com\u00e8tes<\/p>\n\t\t\t\t\t\t\t\t\t<\/div>\n\t\t\t\t\t\t\t\t<\/a>\n\t\t\t\t\t\t\t<\/div>\n\t\t\t\t\t\t\t\t\t\t\t\t\t\t\t\t\t\t\t\t<div class=\"milieu-de-vie--item \">\n\t\t\t\t\t\t\t\t<a href=\"https:\/\/s-e-g.ca\/milieux-de-vie-ri\/\/#perseide\">\n\t\t\t\t\t\t\t\t\t<figure>\n\t\t\t\t\t\t\t\t\t\t<img loading=\"lazy\" decoding=\"async\" width=\"630\" height=\"316\" src=\"https:\/\/s-e-g.ca\/wp-content\/uploads\/2025\/03\/Residence-perseides.jpg\" class=\"attachment-full size-full\" alt=\"\" srcset=\"https:\/\/s-e-g.ca\/wp-content\/uploads\/2025\/03\/Residence-perseides.jpg 630w, https:\/\/s-e-g.ca\/wp-content\/uploads\/2025\/03\/Residence-perseides-300x150.jpg 300w, https:\/\/s-e-g.ca\/wp-content\/uploads\/2025\/03\/Residence-perseides-24x12.jpg 24w, https:\/\/s-e-g.ca\/wp-content\/uploads\/2025\/03\/Residence-perseides-36x18.jpg 36w, https:\/\/s-e-g.ca\/wp-content\/uploads\/2025\/03\/Residence-perseides-48x24.jpg 48w\" sizes=\"auto, (max-width: 630px) 100vw, 630px\" \/>\t\t\t\t\t\t\t\t\t<\/figure>\n\t\t\t\t\t\t\t\t\t<div class=\"milieu-de-vie--item--content\">\n\t\t\t\t\t\t\t\t\t\t\t\t\t\t\t\t\t\t\t\t\t<span class=\"avenir\">\u00c0 VENIR<\/span>\n\t\t\t\t\t\t\t\t\t\t\t\t\t\t\t\t\t\t\t\t<p>R\u00e9sidence <br>Les Pers\u00e9ides<\/p>\n\t\t\t\t\t\t\t\t\t<\/div>\n\t\t\t\t\t\t\t\t<\/a>\n\t\t\t\t\t\t\t<\/div>\n\t\t\t\t\t\t\t\t\t\t\t<\/div>\n\t\t\t\t\t\t\t\t<\/div>\n<\/div><\/div>\n<\/div>\n","protected":false},"excerpt":{"rendered":"","protected":false},"author":2,"featured_media":0,"parent":0,"menu_order":0,"comment_status":"closed","ping_status":"closed","template":"","meta":{"footnotes":""},"class_list":["post-30","page","type-page","status-publish","hentry"],"_links":{"self":[{"href":"https:\/\/s-e-g.ca\/fr\/wp-json\/wp\/v2\/pages\/30","targetHints":{"allow":["GET"]}}],"collection":[{"href":"https:\/\/s-e-g.ca\/fr\/wp-json\/wp\/v2\/pages"}],"about":[{"href":"https:\/\/s-e-g.ca\/fr\/wp-json\/wp\/v2\/types\/page"}],"author":[{"embeddable":true,"href":"https:\/\/s-e-g.ca\/fr\/wp-json\/wp\/v2\/users\/2"}],"replies":[{"embeddable":true,"href":"https:\/\/s-e-g.ca\/fr\/wp-json\/wp\/v2\/comments?post=30"}],"version-history":[{"count":4,"href":"https:\/\/s-e-g.ca\/fr\/wp-json\/wp\/v2\/pages\/30\/revisions"}],"predecessor-version":[{"id":1630,"href":"https:\/\/s-e-g.ca\/fr\/wp-json\/wp\/v2\/pages\/30\/revisions\/1630"}],"wp:attachment":[{"href":"https:\/\/s-e-g.ca\/fr\/wp-json\/wp\/v2\/media?parent=30"}],"curies":[{"name":"wp","href":"https:\/\/api.w.org\/{rel}","templated":true}]}}

Ressources intermédiaires

<div class="wp-block-ab-animate bs-Z1BPL4F">
<div class="container-fluid d-xl-flex flex-xl-row flex-xl-nowrap justify-content-xl-end bs-L0p1q">
<div class="tab-crc bs-sFvnx" id="bs-tabs-25GvXJ"><ul class="tab-crc nav nav-tabs" role="tablist"><li class="nav-item" role="presentation"><a href="#" id="bs-tabs-25GvXJ-0-tab" data-bs-target="#bs-tabs-25GvXJ-0-pane" aria-controls="bs-tabs-25GvXJ-0-pane" aria-selected=" true" data-bs-toggle="tab" type="button" role="tab" class="nav-link active">Mission</a></li><li class="nav-item" role="presentation"><a href="#" id="bs-tabs-25GvXJ-1-tab" data-bs-target="#bs-tabs-25GvXJ-1-pane" aria-controls="bs-tabs-25GvXJ-1-pane" aria-selected="false" data-bs-toggle="tab" type="button" role="tab" class="nav-link">Philosophie</a></li></ul><div class="tab-content">
<div class="tab-pane fade show active" id="bs-tabs-25GvXJ-0-pane" role="tabpanel" aria-labelledby="bs-tabs-25GvXJ-0-tab">
<div class="container bs-Z2rnWtR">
<h2 class="wp-block-heading causten-42-bold has-text-color has-link-color bs-Z1aFCtM wp-elements-269e607071d235c50ada02886f8eaf77" style="color:#ed6f50">Notre <br>mission</h2>



<p class="has-text-color has-link-color wp-elements-8efc31bc27d31bb91d7acc068b1fa5ef wp-block-paragraph" style="color:#0d576a">La Société Emmanuel-Grégoire ouvre au printemps 2011 la « Résidence Les Pléiades », sa première Ressource intermédiaire. Ce mode d’hébergement, offert en partenariat avec les établissements du réseau de la santé, permet d’offrir à une clientèle vulnérable des services de soutien et d’assistance dans un environnement adapté, et ce, sans égard à la capacité financière de la personne hébergée. Ce type de milieu d’hébergement inspiré d’un mode de fonctionnement de type « milieu de vie » est en concordance avec la mission que s’est donné notre organisme.</p>
</div>
</div>



<div class="tab-pane fade" id="bs-tabs-25GvXJ-1-pane" role="tabpanel" aria-labelledby="bs-tabs-25GvXJ-1-tab">
<div class="container bs-Z1TNAWr">
<h2 class="wp-block-heading causten-42-bold has-text-color has-link-color bs-1ChAqP wp-elements-8823e082cd7211a8c72ffc1f24d608c5" style="color:#ed6f50">L’approche<br>« milieu de vie »</h2>



<p class="has-text-color has-link-color wp-elements-358eaa9654c2fc48208a9e484bcb5713 wp-block-paragraph" style="color:#0d576a">Nos Ressources intermédiaires offrent des milieux de vie adaptés aux besoins des personnes qui y sont hébergées. Basé sur une philosophie d’approche de type « milieu de vie », nos interventions et installations sont structurées de façon à offrir à nos résidents un environnement de vie où ils se sentent « chez eux », tout en leur permettant de recevoir les services de soutien et d&rsquo;assistance dont ils ont besoin. Travaillant en partenariat avec le réseau de la santé et des services sociaux, notre équipe d’intervenants qualifiés offre une réponse personnalisée aux besoins de notre clientèle.</p>
</div>
</div>
</div></div>



<figure class="wp-block-image size-full image-crc-right d-none d-xl-block"><img loading="lazy" decoding="async" width="486" height="324" src="https://s-e-g.ca/wp-content/uploads/2025/03/shutterstock_2071674833-modif.png" alt="" class="wp-image-740" srcset="https://s-e-g.ca/wp-content/uploads/2025/03/shutterstock_2071674833-modif.png 486w, https://s-e-g.ca/wp-content/uploads/2025/03/shutterstock_2071674833-modif-300x200.png 300w, https://s-e-g.ca/wp-content/uploads/2025/03/shutterstock_2071674833-modif-24x16.png 24w, https://s-e-g.ca/wp-content/uploads/2025/03/shutterstock_2071674833-modif-36x24.png 36w, https://s-e-g.ca/wp-content/uploads/2025/03/shutterstock_2071674833-modif-48x32.png 48w" sizes="auto, (max-width: 486px) 100vw, 486px" /></figure>
</div>
</div>



<div class="wp-block-ab-animate" data-scroll-class="fadeInUp">
<div class="wp-block-group has-background bs-Z1p00AN overflow-hidden" style="background-color:#ede8e4"><div class="wp-block-group__inner-container is-layout-constrained wp-block-group-is-layout-constrained">
<div class="container bs-2kWthe">
<div class="wp-block-group has-white-background-color has-background bs-QeA3z"><div class="wp-block-group__inner-container is-layout-constrained wp-block-group-is-layout-constrained">
<h2 class="wp-block-heading bs-Z13PHsf">Découvrez <br><span>nos milieux de vie</span></h2>



<p class="has-text-color has-link-color bs-ZBKY8H wp-elements-44591adf693bbf0462fc589937c0de00 wp-block-paragraph" style="color:#0d576a">Les équipes de&nbsp;nos Ressources intermédiaires ont à&nbsp;cœur&nbsp;le&nbsp;bien-être de&nbsp;chaque résident. Nous travaillons à&nbsp;offrir des&nbsp;milieux vie chaleureux et&nbsp;respectueux du&nbsp;rythme&nbsp;et&nbsp;des&nbsp;défis de chacun. </p>



<div class="wp-block-buttons is-layout-flex wp-block-buttons-is-layout-flex">
<div class="wp-block-button button-seg button-before"><a class="wp-block-button__link wp-element-button" href="https://s-e-g.ca/milieux-de-vie-ri/">En savoir plus</a></div>
</div>
</div></div>


									<div class="milieux-de-vie slick-milieu-de-vie green-linear-gradient">
																				<div class="milieu-de-vie--item ">
								<a href="https://s-e-g.ca/milieux-de-vie-ri//#rlp">
									<figure>
										<img loading="lazy" decoding="async" width="630" height="420" src="https://s-e-g.ca/wp-content/uploads/2025/03/Residence-Les-pleaides.jpg" class="attachment-full size-full" alt="" srcset="https://s-e-g.ca/wp-content/uploads/2025/03/Residence-Les-pleaides.jpg 630w, https://s-e-g.ca/wp-content/uploads/2025/03/Residence-Les-pleaides-300x200.jpg 300w, https://s-e-g.ca/wp-content/uploads/2025/03/Residence-Les-pleaides-24x16.jpg 24w, https://s-e-g.ca/wp-content/uploads/2025/03/Residence-Les-pleaides-36x24.jpg 36w, https://s-e-g.ca/wp-content/uploads/2025/03/Residence-Les-pleaides-48x32.jpg 48w" sizes="auto, (max-width: 630px) 100vw, 630px" />									</figure>
									<div class="milieu-de-vie--item--content">
																				<p>Résidence <br>Les Pléiades</p>
									</div>
								</a>
							</div>
																				<div class="milieu-de-vie--item ">
								<a href="https://s-e-g.ca/milieux-de-vie-ri//#rlc">
									<figure>
										<img loading="lazy" decoding="async" width="640" height="391" src="https://s-e-g.ca/wp-content/uploads/2025/05/img-tempo-cometes.png" class="attachment-full size-full" alt="" srcset="https://s-e-g.ca/wp-content/uploads/2025/05/img-tempo-cometes.png 640w, https://s-e-g.ca/wp-content/uploads/2025/05/img-tempo-cometes-300x183.png 300w, https://s-e-g.ca/wp-content/uploads/2025/05/img-tempo-cometes-18x12.png 18w, https://s-e-g.ca/wp-content/uploads/2025/05/img-tempo-cometes-24x15.png 24w, https://s-e-g.ca/wp-content/uploads/2025/05/img-tempo-cometes-36x22.png 36w, https://s-e-g.ca/wp-content/uploads/2025/05/img-tempo-cometes-48x29.png 48w" sizes="auto, (max-width: 640px) 100vw, 640px" />									</figure>
									<div class="milieu-de-vie--item--content">
																				<p>Résidence  <br>Les Comètes</p>
									</div>
								</a>
							</div>
																				<div class="milieu-de-vie--item ">
								<a href="https://s-e-g.ca/milieux-de-vie-ri//#perseide">
									<figure>
										<img loading="lazy" decoding="async" width="630" height="316" src="https://s-e-g.ca/wp-content/uploads/2025/03/Residence-perseides.jpg" class="attachment-full size-full" alt="" srcset="https://s-e-g.ca/wp-content/uploads/2025/03/Residence-perseides.jpg 630w, https://s-e-g.ca/wp-content/uploads/2025/03/Residence-perseides-300x150.jpg 300w, https://s-e-g.ca/wp-content/uploads/2025/03/Residence-perseides-24x12.jpg 24w, https://s-e-g.ca/wp-content/uploads/2025/03/Residence-perseides-36x18.jpg 36w, https://s-e-g.ca/wp-content/uploads/2025/03/Residence-perseides-48x24.jpg 48w" sizes="auto, (max-width: 630px) 100vw, 630px" />									</figure>
									<div class="milieu-de-vie--item--content">
																					<span class="avenir">À VENIR</span>
																				<p>Résidence <br>Les Perséides</p>
									</div>
								</a>
							</div>
											</div>
								</div>
</div></div>
</div>
